 -1478, -5*o + b + 1496 = -b. Suppose -88 = -3*w - o. Let f = 126 + w. What is the tens digit of f?
5
Let b(t) = -156*t - 310. What is the hundreds digit of b(-18)?
4
Let t be 0/2 - 2 - (1 - 6). Suppose -t*c = -4*c + 113. What is the units digit of c?
3
Let t = -771 + 3607. What is the thousands digit of t?
2
Let c(j) = -1 + 9*j**3 - j + 0 + 4*j - 3*j**2. Suppose 2 = 684*n - 683*n. What is the units digit of c(n)?
5
Let u(i) = -i**3 - i**2 + 15*i + 31. What is the hundreds digit of u(-9)?
5
Suppose 8 = p + 5*t - 11, 3*t = 5*p - 11. Suppose 5*z - 154 = r, -119 = -2*z - 2*z + 5*r. Suppose -z = -p*a + 37. What is the tens digit of a?
1
Let a(y) = 7*y**2 - y + 3. Suppose 4*l - 3 = -2*n - 15, -4 = 4*l - 2*n. Let w = 4 + l. What is the tens digit of a(w)?
2
Let l(r) = 3442*r - 52. What is the units digit of l(1)?
0
Suppose -2*k = 4*s - 276, -3*k + 227 + 47 = 4*s. Suppose x - s - 7 = 0. What is the units digit of x?
7
What is the units digit of 2 + -1 - (-751 - 28/4)?
9
Suppose -u + 4*u - 4*d = 10, u + 3*d - 12 = 0. Suppose 0 = u*w - 196 - 200. What is the tens digit of w?
6
Let u = -10 + 14. Suppose -4*i + n = 4*n - 43, 4*i - u*n = 36. What is the units digit of 168/i + 4/20?
7
Suppose 44*y = 20*y + 16512. What is the tens digit of y?
8
Let v(y) = -6*y**3 + y + 27*y**2 - 13*y**2 - 4 - 10*y**2. What is the units digit of v(-2)?
8
Suppose 14*a - 51631 + 5935 = 0. Suppose 5*w = 22*w - a. What is the tens digit of w?
9
Let p = -19 + 21. Suppose 0 = 5*s + p*d - 178, -4*s + 0*d + 132 = -d. What is the units digit of s?
4
Let t(f) be the third derivative of -7/60*f**5 + 1/60*f**6 - f**2 - 2/3*f**3 + 0 + 0*f + 1/8*f**4. What is the units digit of t(4)?
4
Suppose 154*b - 6041 = 147*b. What is the tens digit of b?
6
Let o(w) = 3*w + 14 + 2*w - w - 5*w. Let i(g) = -g**2 - 7*g - 6. Let v be i(-6). What is the units digit of o(v)?
4
Suppose 5*k = 4 + 6. What is the units digit of 7/k*3/(6/4)?
7
Suppose 2*w = 2*c - 12, 2*c - 2 - 6 = w. Suppose 620 = c*h + 3*h. What is the units digit of h?
4
Let h = -37 + 105. Suppose 5*z - h = z. What is the tens digit of z?
1
Let j be ((-6)/(-9))/(((-8)/(-87))/4). Let h = -19 + j. What is the units digit of h?
0
Let l(o) = 3*o**3 + o**2 + o + 905. What is the tens digit of l(0)?
0
Let z(r) = 12*r**3 - 2*r**2 + r. Let o be z(1). Suppose 3*t - o = 1. Suppose 4 = -2*b, b = t*q - 2*b - 86. What is the tens digit of q?
2
Let h = -417 + 226. Let m be (-2 - -3)*(3 - h). Let n = m - 131. What is the tens digit of n?
6
Suppose 2*v + f = 282 + 2943, 5*f + 8070 = 5*v. What is the thousands digit of v?
1
Let j(l) = l**3 + 6*l**2 + l + 5. Suppose -4*v + 8*v = -24. Let x be j(v). Let a = x + 11. What is the tens digit of a?
1
Suppose 5*h + 1450 - 40 = 0. Let i = -160 - h. What is the units digit of i?
2
Let d(b) = -12*b**3. Let r be d(-1). Suppose 14*g - 176 = r*g. What is the units digit of g?
8
Let z(r) = -82*r**3 - 6*r**2 + 2*r + 1. What is the units digit of z(-2)?
9
Let u be (36/(-16))/(-3) + 6068/16. Let n = -249 + u. What is the units digit of n?
1
Suppose -83*n + 6210 = -78*n. What is the tens digit of n?
4
What is the units digit of (-9 - (-6 + -1642))*(3 + -2)?
9
Let g(d) = -d**2 + 5*d + 6. Let y(j) = -j + 11. Let k be y(6). Let r be g(k). Suppose 52 = 2*u + r. What is the units digit of u?
3
Suppose -2*s - 812 = -2*o, -2*o + s - 4*s = -787. What is the hundreds digit of o?
4
Suppose o = -5*g + 589, 3*g - 108 = o - 705. What is the tens digit of o?
9
Suppose l - 45 = -4*c, -2*l = -4 + 2. What is the tens digit of c?
1
Let k = -110 + 109. What is the units digit of k + 0 + 2 + 60?
1
Suppose -40*j + 38*j - 2 = 0. What is the hundreds digit of 173*((-6 - j) + 6)?
1
Let o be (-968)/(-6) - 4/(-6). Let z = o - 84. What is the units digit of z?
8
Let c = 973 + -336. What is the units digit of c?
7
Let d(j) = j - 5. Let x be d(5). Suppose x = -3*f - 2*f. Suppose f = -4*o - s + 51, 2*o - 39 = -2*o + 3*s. What is the tens digit of o?
1
Let f(o) = -o + 21. Let q(s) = -s**2 - 12*s + 5. Let y be q(-11). Let m be f(y). Suppose -m*d - d + 36 = 0. What is the units digit of d?
6
What is the tens digit of ((-1942)/1)/((-22)/(13 + -2))?
7
Let n = 31 + -19. Suppose 0 = -3*l - n, 2*g + 38 = -l + 156. What is the tens digit of g?
6
Let u be (-2)/3 + 55/15. Suppose u*v = -2*v + 30. Suppose -f - v = -2*f. What is the units digit of f?
6
Let q(n) = -n**3 + 17*n**2 - 28*n + 26. What is the units digit of q(11)?
4
Let r(t) = 11*t**2 + 12 - 9*t + 1 - 7*t**2 + 17. What is the hundreds digit of r(7)?
1
Let j be -8*(-4 - (-35)/10). Suppose j*d - 5*d + 51 = 0. What is the units digit of d?
1
Suppose 5*j = -17*j + 4246. What is the units digit of j?
3
Let p be (101/(-2))/((-1)/2). Suppose 4*s - 135 = p. What is the tens digit of s?
5
Let i = -7 + 5. Let p be (i/(-2))/(2/(-124)). Let f = -34 - p. What is the tens digit of f?
2
Suppose -83*v + 87*v - 229 = -x, 2*x - 438 = 2*v. What is the hundreds digit of x?
2
Suppose -3*k = 10 - 16. Suppose 4 = -n + k. What is the units digit of 28 - (n - -2 - 1)?
9
Suppose 7*k = 24*k - 17391. What is the hundreds digit of k?
0
Let u = 0 + -25. Let d(g) = -g**3 - 8*g**2 + 2. Let k be d(-8). What is the units digit of u/(-1) + k + 1?
8
What is the units digit of 1/(-5) + 4221*(-4)/(-20)?
4
Let t = -796 + 1117. Let h = -181 + t. What is the hundreds digit of h?
1
Let o be (-118 + -2)/(3/2). Let b(x) = 113*x - 2. Let g be b(-1). Let w = o - g. What is the tens digit of w?
3
Let t(h) = h**3 - 7*h**2 - 1. Let x be t(7). What is the units digit of 1984/52 - x*(-6)/39?
8
Let n(j) = 2*j**2 + 3*j - 4. Let l be n(7). Let p = 82 - l. Let y = p - -48. What is the tens digit of y?
1
What is the hundreds digit of 10/(-20)*-11989 - (-10)/(-4)?
9
Let n(i) = -i**3 + 33*i**2 - 14*i - 388. What is the units digit of n(31)?
0
Let r = 54 + -82. What is the units digit of (-12)/42 - 5552/r?
8
What is the tens digit of (2/(-10) - 55169/(-645))*30?
6
Let u(a) = -a - 15. Let z be u(-19). Suppose 5*t - z*l - 1 = 21, t + 3*l = 12. Let y = t - -8. What is the tens digit of y?
1
Suppose -3*k = 5*t - 409, -5*k - 5*t - 244 = -919. What is the units digit of k?
3
Suppose 4*g - 2 = 2*k, 5*k = 4*g + 8 - 1. Suppose -38 = 6*b - 8*b. Let s = g + b. What is the units digit of s?
1
Suppose 0 = -u + 5*u + 20. What is the tens digit of u + (-180)/(-1 + -4)?
3
Suppose -57*i + 65*i - 4184 = 0. What is the tens digit of i?
2
Let h = -15 + 19. Suppose -2*i = h, -2*j - 2*j = -5*i - 254. What is the units digit of j?
1
Let b(s) = -7*s + 39. Let u(v) = 1. Let l(f) = b(f) - 6*u(f). What is the hundreds digit of l(-26)?
2
Let q(w) = 4*w**3 - 7*w**2 + 4*w + 4. Suppose -16*a = -19*a + 12. What is the units digit of q(a)?
4
Let n be -4 - 28/12*-3. Let m = 20 + n. What is the tens digit of m?
2
Let m be (-1 + 1/(-3 - -2))/2. What is the tens digit of 2 - (-2 + 65/m)?
6
Let a be (-18)/((-9)/3) - (4 + -2). Suppose -2*r = -2 - a. What is the units digit of r?
3
Suppose 2*l + 0*l - 192 = 4*y, 285 = 3*l - 5*y. Suppose k = 4*k - l. What is the units digit of k?
0
Suppose -2360 = -10*y + 2660. What is the tens digit of y?
0
Suppose -133 = -3*j - 40. What is the tens digit of j/(-2)*(-6 - 2)?
2
Let a(x) = -x**2 + 11*x - 34. Let l be a(5). What is the tens digit of l*(100/(-8) - 5)?
7
Suppose 11821 = 2*h + k + 3680, -2*k + 12212 = 3*h. What is the tens digit of h?
7
Let i(p) = 7*p**2 - 68*p - 5. What is the tens digit of i(10)?
1
Let i(r) = r**2 + r + 4. Let p(k) = 5*k**2 + 5*k + 17. Let n(l) = -9*i(l) + 2*p(l). Let q be n(2). Suppose q = g + g. What is the units digit of g?
2
Let w(g) = 71*g**2 - 3 - 2*g**3 + 72*g**2 + g - 137*g**2. What is the tens digit of w(-4)?
1
Let f = 70 + -64. Suppose -280 = -2*s - 4*u, 0 = -5*u + 26 - f. What is the hundreds digit of s?
1
Let l(k) = -166*k + 476. What is the units digit of l(-8)?
4
Suppose 185 = 2*o - 13. Let i = 150 - o. What is the tens digit of i?
5
Let q(g) = g**3 + 4. Let t be q(-3). Suppose m + 33 = -o - 4*m, -5*o = 2*m + 165. Let k = t - o. What is the units digit of k?
0
Let b = -2462 - -3726. What is the tens digit of b?
6
Let f be (-12)/30 - (-34)/10. Suppose 72 = 4*o - f*n, 3*n = -3*o + 7*n + 47. Suppose -2*r + o = -21. What is the units digit of r?
1
Let c be (-852)/(-48) - 1/(-4). Let h(g) = -14 - 19*g - c*g + 32*g. What is the un